umber?
False
Is 431568307 a composite number?
True
Is 827652019 a composite number?
False
Is 5350781 prime?
True
Is 12251771 prime?
False
Is 39399527 composite?
False
Is 1082167 prime?
False
Is 49157 prime?
True
Is 3825293 a composite number?
False
Is 3606821 a prime number?
False
Is 179791 a prime number?
False
Is 51857777 composite?
True
Is 1931911 prime?
False
Is 215797 a composite number?
False
Is 67565167 a composite number?
False
Is 25383467 a composite number?
True
Is 215746057 a composite number?
True
Is 58791241 a composite number?
False
Is 1716733 composite?
False
Is 3509357 prime?
False
Is 19157087 a composite number?
False
Is 85852939 prime?
True
Is 7823759 a composite number?
False
Is 39066773 composite?
False
Is 1428041 prime?
True
Is 2837222 a composite number?
True
Is 14974441 a prime number?
True
Is 427099 a prime number?
False
Is 3946139 a composite number?
False
Is 36616099 prime?
False
Is 7513763 prime?
True
Is 16509995 composite?
True
Is 12671021 a composite number?
True
Is 13799999 prime?
False
Is 1969241 a composite number?
False
Is 24962005 prime?
False
Is 609673 prime?
True
Is 2730827 a composite number?
True
Is 35650787 a composite number?
True
Is 6887351 a prime number?
False
Is 46216549 composite?
False
Is 57286 composite?
True
Is 23019467 composite?
True
Is 35588571 prime?
False
Is 87038719 a prime number?
False
Is 28288489 composite?
True
Is 2519353 a prime number?
True
Is 553337 prime?
False
Is 222088331 prime?
False
Is 81807899 a composite number?
False
Is 332039 a composite number?
False
Is 229886827 prime?
True
Is 8901577 a composite number?
False
Is 14727193 prime?
False
Is 2444171 composite?
True
Is 61211 a prime number?
True
Is 2710907 prime?
True
Is 747430753 a prime number?
True
Is 84134671 composite?
False
Is 6246259 a composite number?
True
Is 36421897 composite?
False
Is 64507 a composite number?
True
Is 471317307 a composite number?
True
Is 103712407 composite?
False
Is 24744383 a composite number?
False
Is 1402039 a composite number?
True
Is 52132699 a composite number?
False
Is 12398017 prime?
False
Is 70167161 a prime number?
True
Is 10260871 composite?
True
Is 53838649 composite?
False
Is 78675109 a prime number?
False
Is 33848051 prime?
True
Is 220355 a composite number?
True
Is 259011647 prime?
True
Is 148584037 a prime number?
False
Is 6783131 a prime number?
True
Is 314291 a prime number?
False
Is 24267943 a prime number?
False
Is 8045806 prime?
False
Is 9295437 a composite number?
True
Is 7319251 prime?
True
Is 38117 a prime number?
False
Is 58997047 composite?
True
Is 8543182 a composite number?
True
Is 840149 a composite number?
False
Is 10397003 prime?
True
Is 1227907 prime?
False
Is 430625509 prime?
True
Is 38619637 composite?
True
Is 5248651 composite?
True
Is 4688741 prime?
True
Is 23078881 a composite number?
True
Is 144869 a prime number?
False
Is 47021011 a composite number?
False
Is 40909499 prime?
False
Is 57592387 a prime number?
False
Is 538709 a prime number?
True
Is 4044637 prime?
False
Is 8309467 composite?
False
Is 4831537 prime?
False
Is 1307197 composite?
False
Is 248868673 a composite number?
False
Is 438257623 composite?
False
Is 12479501 prime?
False
Is 1393715 a prime number?
False
Is 1236307 prime?
True
Is 4042553 composite?
True
Is 611753 composite?
False
Is 1315339 prime?
False
Is 13057753 a composite number?
False
Is 34291429 a composite number?
False
Is 4775249 a prime number?
False
Is 25908979 prime?
False
Is 48080059 a prime number?
True
Is 64756169 prime?
False
Is 275431 a composite number?
True
Is 7252123 prime?
False
Is 59429 a composite number?
True
Is 346128583 a prime number?
False
Is 16303769 composite?
False
Is 39275617 a composite number?
False
Is 35651749 composite?
True
Is 357335807 prime?
True
Is 21619993 a prime number?
False
Is 21046517 composite?
True
Is 4637069 prime?
True
Is 61771291 a composite number?
False
Is 59244701 a prime number?
True
Is 125460203 composite?
True
Is 279351337 a composite number?
False
Is 12005677 prime?
False
Is 90434191 a prime number?
False
Is 3492109 composite?
False
Is 17897343 prime?
False
Is 83191811 composite?
False
Is 4632781 prime?
True
Is 124001083 a composite number?
False
Is 15160349 composite?
True
Is 152588567 a prime number?
False
Is 25459087 prime?
True
Is 56499563 a composite number?
False
Is 178053323 a composite number?
True
Is 13235567 composite?
True
Is 25711135 prime?
False
Is 152509 composite?
True
Is 2166149 a composite number?
True
Is 14581027 a prime number?
True
Is 194590483 a composite number?
True
Is 7151723 composite?
False
Is 4575715 prime?
False
Is 16363489 a composite number?
False
Is 3268178 prime?
False
Is 2256907 composite?
True
Is 4704355 prime?
False
Is 167673707 composite?
False
Is 161997427 a prime number?
False
Is 2416903 composite?
False
Is 6836477 composite?
False
Is 349712071 a prime number?
True
Is 4616319 a composite number?
True
Is 1805981 a prime number?
False
Is 1371137 a composite number?
False
Is 213354005 a composite number?
True
Is 429038693 a composite number?
True
Is 12326497 a composite number?
True
Is 3719563 a prime number?
True
Is 462767 composite?
True
Is 13084637 a composite number?
True
Is 6177279 a composite number?
True
Is 8224949 composite?
True
Is 841006 a composite number?
True
Is 16206717 a composite number?
True
Is 3794779 prime?
False
Is 46319047 prime?
True
Is 62468041 a prime number?
False
Is 2238703 prime?
True
Is 15447671 a composite number?
False
Is 93416189 prime?
True
Is 5914891 composite?
True
Is 580471 a composite number?
False
Is 19319071 composite?
True
Is 709321 a composite number?
False
Is 10437673 composite?
False
Is 4558207 prime?
True
Is 5619509 prime?
False
Is 24107543 a composite number?
True
Is 77659 composite?
False
Is 875591 a composite number?
False
Is 250027 prime?
True
Is 18286085 composite?
True
Is 1254839 prime?
True
Is 18698767 prime?
False
Is 7814389 composite?
True
Is 172330211 a prime number?
True
Is 2717441 composite?
False
Is 638653 prime?
False
Is 65958073 prime?
False
Is 11087267 prime?
True
Is 9744623 prime?
False
Is 2355959 a composite number?
True
Is 69501611 composite?
False
Is 18928661 a prime number?
False
Is 566434127 prime?
False
Is 6164789 prime?
False
Is 4911947 prime?
False
Is 212695667 a prime number?
True
Is 9975109 prime?
True
Is 7706807 prime?
True
Is 29412389 composite?
True
Is 7642049 composite?
True
Is 792083 composite?
True
Is 18906659 prime?
True
Is 1154431 composite?
False
Is 8648279 a prime number?
False
Is 7657357 composite?
False
Is 176609 a prime number?
True
Is 11538209 a prime number?
False
Is 11855111 a prime number?
True
Is 82699 a composite number?
False
Is 7057861 a prime number?
False
Is 24114767 a composite number?
False
Is 23283857 a composite number?
False
Is 434393 a composite number?
True
Is 236017603 prime?
False
Is 13443142 a prime number?
False
Is 7829638 a composite number?
True
Is 38575897 prime?
True
Is 23085121 prime?
False
Is 7083313 prime?
False
Is 30723047 composite?
False
Is 46359241 a prime number?
True
Is 145372673 a composite number?
True
Is 4918549 prime?
False
Is 220332971 a composite number?
True
Is 39515779 a prime number?
True
Is 34529309 composite?
False
Is 22622573 composite?
True
Is 12116861 a prime number?
True
Is 53981045 composite?
True
Is 4762073 prime?
True
Is 13915211 a prime number?
True
Is 2273119 prime?
True
Is 6427193 composite?
False
Is 19285519 a composite number?
True
Is 103984759 a prime number?
False
Is 68701543 composite?
False
Is 2184257 composite?
False
Is 5842505 prime?
False
Is 209429101 composite?
True
Is 89816215 a prime number?
False
Is 169101101 composite?
True
Is 13805131 composite?
True
Is 1107721 a composite number?
False
Is 940949 a composite number?
False
Is 74602879 prime?
False
Is 3691253 a composite number?
False
Is 4944889 a prime number?
True
Is 64822678 composite?
True
Is 526365529 a prime number?
False
Is 1252759 composite?
True
Is 71442205 a prime number?
False
Is 548960033 a prime number?
True
Is 643887897 a composite number?
True
Is 6308801 a prime number?
True
Is 16646849 a composite number?
True
Is 3952357 a prime number?
False
Is 414049 a composite number?
False
Is 2314121 a composite number?
False
Is 4675449 a compo